3044
2291 (base 14) to base 11
4571
Convert -107 (base 9) to base 6.
-224
-11110110011 (base 3) to base 4
-111130000
What is b480 (base 15) in base 8?
112401
-1340 (base 7) to base 4
-20012
What is -231 (base 6) in base 15?
-61
Convert 1071 (base 13) to base 4.
203301
What is 5cb (base 16) in base 11?
1129
Convert 3258 (base 16) to base 6.
135400
Convert -10001 (base 5) to base 4.
-21302
424324 (base 5) to base 8
34003
Convert -11332231 (base 4) to base 6.
-305221
20161 (base 7) to base 10
4894
What is 1265 (base 9) in base 10?
950
-11220003 (base 4) to base 13
-a647
What is -3fc (base 16) in base 5?
-13040
What is 98 (base 14) in base 10?
134
-50307 (base 8) to base 13
-9549
What is 30e8 (base 15) in base 11?
7853
What is -212024 (base 6) in base 11?
-11aa4
2133 (base 6) to base 9
603
-10020011 (base 3) to base 2
-100100110001
Convert -f00 (base 16) to base 6.
-25440
What is 10111010110 (base 2) in base 8?
2726
What is 11101101000 (base 2) in base 14?
996
What is 429b (base 14) in base 4?
2303301
Convert -13220 (base 4) to base 12.
-348
Convert -3db (base 16) to base 8.
-1733
-10030 (base 4) to base 13
-178
What is -74b2 (base 12) in base 14?
-494a
What is 1100110101 (base 2) in base 13?
4b2
204222 (base 5) to base 4
1222130
11020002 (base 3) to base 8
6010
Convert -5528 (base 9) to base 3.
-12120222
Convert -101001011000101 (base 2) to base 12.
-10319
24051 (base 6) to base 9
4704
What is -113031 (base 4) in base 3?
-2001000
Convert 16616 (base 7) to base 11.
3643
What is 700 (base 8) in base 15?
1ed
Convert 2c (base 15) to base 7.
60
-277 (base 10) to base 5
-2102
What is 134 (base 9) in base 5?
422
-10212120010 (base 3) to base 16
-129c0
What is 310002 (base 5) in base 16?
2712
What is -510 (base 15) in base 6?
-5140
What is a80 (base 15) in base 9?
3223
Convert 161 (base 9) to base 15.
91
What is 40402 (base 5) in base 13?
1252
What is -1662 (base 7) in base 15?
-306
What is -7915 (base 14) in base 10?
-20991
Convert -431 (base 9) to base 6.
-1344
-100100100 (base 2) to base 10
-292
557 (base 16) to base 11
1033
-26311 (base 8) to base 2
-10110011001001
What is 134d (base 14) in base 9?
4588
Convert 193 (base 15) to base 9.
443
What is 208 (base 12) in base 15?
14b
What is -23225 (base 6) in base 11?
-2557
Convert -9905 (base 10) to base 9.
-14525
What is 111012020 (base 3) in base 8?
22622
241 (base 10) to base 5
1431
What is 2123 (base 10) in base 5?
31443
Convert 1725 (base 8) to base 14.
501
What is -448 (base 9) in base 7?
-1034
-32313 (base 6) to base 5
-120222
What is -11492 (base 10) in base 4?
-2303210
Convert 101010000111 (base 2) to base 5.
41240
What is 2620 (base 11) in base 13?
1724
Convert -1924 (base 11) to base 10.
-2446
Convert 64 (base 13) to base 6.
214
What is -10404 (base 9) in base 3?
-100110011
-b35 (base 13) to base 12
-1127
-101101011010 (base 2) to base 5
-43111
Convert -284 (base 14) to base 2.
-111111100
What is -498 (base 11) in base 14?
-303
What is -27292 (base 10) in base 13?
-c565
Convert -36c4 (base 13) to base 15.
-247a
50410 (base 6) to base 8
14746
Convert -11320222 (base 4) to base 7.
-130165
Convert c44 (base 14) to base 4.
211230
907d (base 15) to base 14
b181
Convert -964 (base 13) to base 6.
-11231
Convert 2621 (base 8) to base 10.
1425
-1111101100 (base 2) to base 12
-6b8
What is -15044 (base 6) in base 7?
-10003
Convert -10111111101011 (base 2) to base 4.
-2333223
581 (base 13) to base 12
672
4b1 (base 16) to base 8
2261
What is -4038 (base 9) in base 12?
-185b
What is -18073 (base 9) in base 16?
-30ab
Convert -4536 (base 14) to base 16.
-2ee4
What is 211 (base 8) in base 15?
92
What is 3610 (base 8) in base 12?
1148
100 (base 14) to base 4
3010
50552 (base 7) to base 14
4699
What is 57 (base 8) in base 7?
65
What is -15b9 (base 12) in base 7?
-10356
What is -3c6 (base 16) in base 13?
-594
Convert 8c05 (base 13) to base 16.
4c99
Convert 11221332 (base 4) to base 11.
16450
Convert 15d0 (base 16) to base 3.
21122211
Convert -8ad (base 16) to base 9.
-3037
102203 (base 8) to base 9
51472
Convert 1110100100001 (base 2) to base 11.
566a
Convert -2441 (base 13) to base 15.
-17b8
Convert -207b (base 15) to base 2.
-1101011010010
Convert 12211 (base 5) to base 13.
568
What is 14930 (base 14) in base 11?
35514
What is 5200 (base 9) in base 13?
196b
Convert -3221 (base 7) to base 5.
-14032
What is -6979 (base 12) in base 6?
-130233
Convert -23503 (base 7) to base 12.
-3627
-51a (base 14) to base 10
-1004
What is -2252 (base 7) in base 14?
-429
Convert 10011011001 (base 2) to base 11.
a29
What is -13ae3 (base 16) in base 14?
-2153d
Convert -32627 (base 11) to base 4.
-23203230
Convert 1321 (base 4) to base 10.
121
-58266 (base 9) to base 13
-148c2
What is -74aa (base 13) in base 8?
-37503
What is 223232 (base 4) in base 5?
42143
What is 1310243 (base 5) in base 15?
7933
What is 23551 (base 7) in base 8?
13740
Convert 156 (base 13) to base 9.
286
Convert -3664 (base 9) to base 7.
-10651
-2818 (base 10) to base 5
-42233
Convert 40454 (base 6) to base 14.
1d50
101111 (base 3) to base 11
238
-393a (base 11) to base 7
-20641
Convert -159 (base 16) to base 15.
-180
413 (base 9) to base 3
110110
What is -321112 (base 4) in base 2?
-111001010110
Convert -3012 (base 5) to base 7.
-1054
What is -8b0 (base 12) in base 13?
-77a
What is ae9d (base 15) in base 2?
1001000010111000
Convert 16314 (base 11) to base 13.
a618
Convert 15424 (base 7) to base 14.
1814
1032 (base 16) to base 3
12200120
-b573 (base 12) to base 6
-231423
Convert -6444 (base 8) to base 12.
-1b44
Convert -215 (base 7) to base 11.
-a0
-11302 (base 9) to base 2
-1110101101111
Convert -6726 (base 8) to base 4.
-313112
4a3a6 (base 11) to base 7
420641
What is -60a (base 12) in base 6?
-4014
Convert -56c (base 13) to base 6.
-4155
-410354 (base 7) to base 4
-101002313
-64023 (base 9) to base 5
-2323203
What is -3331 (base 9) in base 15?
-add
4b2 (base 16) to base 11
9a3
What is -b9b4 (base 15) in base 11?
-275a5
What is -12041 (base 6) in base 10?
-1753
What is -12113 (base 4) in base 11?
-340
Convert 1363 (base 8) to base 12.
52b
Convert -230122 (base 4) to base 10.
-2842
2212 (base 5) to base 3
102101
Convert -10110101000 (base 2) to base 4.
-112220
Convert -6b1d (base 15) to base 12.
-11201
What is -347 (base 8) in base 10?
-231
-491 (base 10) to base 4
-13223
What is -100202222 (base 3) in base 14?
-2851
-210001 (base 3) to base 15
-27d
3ac (base 16) to base 6
4204
What is 16385 (base 9) in base 6?
124035
-1bb (base 16) to base 9
-542
-f42 (base 16) to base 9
-5320
Convert -23612 (base 9) to base 6.
-201102
9a0 (base 16) to base 11
1940
What is -22635 (base 7) in base 12?
-3440
4011 (base 7) to base 3
1220010
Convert -985d (base 14) to base 10.
-26347
-bb0 (base 14) to base 13
-1089
11575 (base 8) to base 6
35033
What is 22013 (base 4) in base 3?
212222
Convert -166bb (base 12) to base 9.
-48038
Convert 1112 (base 4) to base 5.
321
Convert 10001101010000 (base 2) to base 6.
105504
What is -30112 (base 5) in base 9?
-2548
-17581 (base 12) to base 16
-8371
What is 4 (base 8) in base 5?
4
Convert 100001100 (base 3) to base 16.
19c5
7576 (base 9) to base 2
1010111001001
Convert c5 (base 14) to base 8.
255
Convert 114350 (base 6) to base 10.
10074
Convert 23233 (base 4) to base 7.
2122
-2283 (base 10) to base 13
-1068
Convert 2204 (base 5) to base 6.
1224
Convert 2034 (base 8) to base 14.
552
2365 (base 14) to base 5
144130
Convert 3315 (base 8) to base 7.
5035
-1c65 (base 13) to base 12
-25b0
Convert 2200 (base 3) to base 2.
1001000
What is -1311 (base 5) in base 11?
-178
What is 11001110111001 (base 2) in base 8?
31671
370 (base 11) to base 7
1166
What is -1210120 (base 3) in base 11?
-a92
Convert -165 (base 11) to base 12.
-140
Convert -50443 (base 7) to base 11.
-9210
-980 (base 14) to base 2
-11101010100
Convert -8616 (base 10) to base 13.
-3bca
What is 10133203 (base 4) in base 3?
221020121
-1011000111110 (base 2) to base 12
-3366
Convert -211a (base 11) to base 12.
-1758
330231 (base 4) to base 3
12022220
Convert 55403 (base 7) to base 13.
6449
Convert 696b (base 14) to base 8.
43623
-1325 (base 7) to base 11
-423
Convert -720f (base 16) to base 14.
-a8d9
1a0 (base 12) to base 10
264
Convert 1cc69 (base 13) to base 6.
1120024
22032 (base 6) to